of 44928 and 1976?
104
Calculate the greatest common factor of 66 and 5302.
22
What is the highest common factor of 376371 and 1197?
171
What is the highest common factor of 463750 and 2968?
742
Calculate the highest common factor of 69299 and 2096.
131
What is the highest common factor of 752 and 184804?
188
Calculate the highest common factor of 775868 and 31.
31
What is the highest common factor of 4245 and 4531962?
849
What is the greatest common factor of 3332 and 340?
68
Calculate the greatest common divisor of 34 and 38369.
17
What is the greatest common factor of 216 and 4608?
72
Calculate the highest common divisor of 39 and 596193.
39
What is the greatest common factor of 784 and 10724?
28
What is the highest common divisor of 48 and 1538088?
24
Calculate the greatest common divisor of 23546 and 6176.
386
What is the highest common factor of 477834 and 9114?
1302
Calculate the greatest common factor of 527234 and 478.
478
Calculate the greatest common factor of 29260 and 1078.
154
What is the highest common divisor of 4459 and 1453977?
343
What is the highest common divisor of 34853 and 143?
13
What is the highest common divisor of 559 and 774?
43
What is the greatest common divisor of 11097 and 548?
137
Calculate the highest common divisor of 7766 and 11.
11
What is the highest common divisor of 84 and 399574?
14
Calculate the greatest common divisor of 2124 and 306.
18
What is the greatest common factor of 495 and 48?
3
What is the greatest common divisor of 203294 and 1378?
26
Calculate the highest common divisor of 1476270 and 22685.
1745
What is the highest common divisor of 4888 and 847457?
611
Calculate the greatest common divisor of 6204 and 352.
44
Calculate the highest common divisor of 1003 and 767.
59
What is the highest common divisor of 8544 and 445?
89
What is the highest common factor of 6 and 113082?
6
Calculate the highest common divisor of 168 and 2436.
84
Calculate the greatest common divisor of 12048 and 432.
48
Calculate the greatest common divisor of 350540 and 340.
340
Calculate the highest common factor of 1272 and 669.
3
Calculate the highest common factor of 229957 and 1805.
361
What is the greatest common divisor of 159239 and 1156?
289
What is the greatest common divisor of 155 and 2461555?
155
Calculate the greatest common factor of 1043077 and 49.
7
What is the greatest common divisor of 118 and 264084?
118
Calculate the highest common divisor of 21 and 3144897.
21
Calculate the greatest common factor of 11128 and 81534.
214
What is the highest common factor of 1749 and 438416?
583
Calculate the greatest common factor of 405 and 41067.
81
Calculate the highest common factor of 1 and 5227.
1
Calculate the highest common factor of 13192 and 104.
8
Calculate the highest common divisor of 1136 and 8811952.
1136
Calculate the greatest common factor of 123159 and 2196.
183
What is the highest common divisor of 632 and 38384?
8
What is the greatest common divisor of 12583942 and 28?
14
Calculate the greatest common divisor of 4958 and 3350.
134
What is the greatest common divisor of 476 and 9112?
68
What is the greatest common factor of 146 and 46501?
73
Calculate the greatest common factor of 65 and 13026.
13
What is the greatest common divisor of 2120 and 76744?
424
What is the highest common factor of 88592 and 532?
28
Calculate the greatest common factor of 35626 and 1034.
94
Calculate the highest common factor of 80 and 283360.
80
What is the highest common factor of 4646 and 10304?
46
Calculate the greatest common divisor of 6278018 and 38.
38
Calculate the greatest common divisor of 5716 and 348.
4
Calculate the greatest common divisor of 3663 and 5217.
111
What is the highest common divisor of 83 and 122674?
83
What is the greatest common factor of 259833 and 189?
21
Calculate the highest common divisor of 12 and 3750060.
12
What is the highest common divisor of 3157 and 170191?
287
What is the greatest common factor of 128064 and 1728?
192
What is the highest common factor of 7268 and 575?
23
Calculate the greatest common factor of 3184 and 2390786.
398
What is the greatest common divisor of 14991 and 741?
57
What is the highest common divisor of 433 and 3?
1
What is the highest common divisor of 1477 and 428119?
211
Calculate the greatest common factor of 2036 and 32.
4
Calculate the greatest common factor of 169676 and 3887.
169
Calculate the greatest common divisor of 1324421 and 11627.
1057
What is the highest common divisor of 10170 and 4410?
90
Calculate the highest common factor of 31119 and 37191.
759
What is the greatest common divisor of 8 and 10820?
4
What is the greatest common factor of 42560 and 7280?
560
What is the greatest common divisor of 5828 and 3572?
188
What is the highest common divisor of 7 and 32557?
7
What is the highest common divisor of 6165 and 93845?
685
What is the highest common factor of 791 and 7497889?
791
What is the highest common divisor of 81004 and 110?
22
Calculate the greatest common divisor of 1714295 and 440.
55
What is the greatest common divisor of 49 and 5500?
1
Calculate the greatest common factor of 119 and 40069.
17
Calculate the highest common factor of 1512 and 826.
14
What is the greatest common divisor of 248 and 7502?
62
Calculate the greatest common divisor of 207 and 2461.
23
What is the greatest common factor of 1088 and 134464?
64
Calculate the greatest common factor of 9755038 and 94.
94
What is the highest common divisor of 19470 and 50?
10
What is the greatest common divisor of 13184 and 136?
8
Calculate the highest common divisor of 352 and 167156.
44
What is the highest common divisor of 225 and 41425?
25
What is the greatest common divisor of 36 and 1477566?
18
What is the highest common divisor of 3640 and 30240?
280
What is the greatest common factor of 1312 and 2592?
32
Calculate the greatest common factor of 8557 and 16813.
43
What is the highest common divisor of 5255 and 1530?
5
What is the greatest common divisor of 77 and 503209?
7
Calculate the greatest common factor of 3991560 and 5920.
1480
What is the greatest common divisor of 17860 and 1222?
94
Calculate the highest common divisor of 42063 and 1813.
7
What is the highest common factor of 2880 and 8100?
180
Calculate the highest common factor of 53388 and 84.
12
Calculate the highest common divisor of 14 and 15827.
7
Calculate the greatest common divisor of 22988 and 560.
28
Calculate the highest common divisor of 10 and 801545.
5
Calculate the highest common divisor of 168 and 27006.
42
Calculate the greatest common factor of 156 and 441662.
26
What is the greatest common divisor of 27486 and 5454?
54
What is the highest common divisor of 50211 and 945?
63
What is the highest common factor of 500649 and 129?
129
What is the highest common factor of 70360 and 12?
4
Calculate the highest common factor of 729 and 1919457.
729
Calculate the greatest common divisor of 204535 and 1995.
95
What is the highest common divisor of 144 and 27952?
16
What is the greatest common factor of 18854 and 5632?
22
What is the highest common divisor of 435404 and 570?
38
What is the highest common factor of 2176 and 1856?
64
What is the highest common divisor of 472626 and 3696?
462
Calculate the greatest common factor of 66 and 1172496.
6
Calculate the greatest common factor of 7 and 28007.
7
Calculate the highest common divisor of 532 and 12692.
76
Calculate the highest common factor of 246900 and 175.
25
What is the highest common divisor of 46274 and 34?
34
Calculate the highest common divisor of 8767 and 869.
11
Calculate the highest common factor of 40 and 274300.
20
Calculate the greatest common divisor of 115244 and 376.
188
What is the greatest common divisor of 182 and 56686?
14
Calculate the greatest common divisor of 80332 and 684.
76
Calculate the greatest common divisor of 1452 and 66660.
132
What is the greatest common divisor of 552 and 17181?
69
What is the highest common factor of 1746 and 35114?
194
Calculate the highest common divisor of 44904 and 48.
24
Calculate the greatest common factor of 1690 and 965.
5
Calculate the highest common factor of 6348 and 2747097.
1587
What is the greatest common divisor of 34592 and 1472?
736
What is the highest common divisor of 598 